 is divided by 3914.
504
What is the remainder when 584374690 is divided by 79?
77
Calculate the remainder when 289087 is divided by 5974.
2335
Calculate the remainder when 11491191 is divided by 1870.
41
What is the remainder when 673585 is divided by 336681?
223
What is the remainder when 4515157 is divided by 57?
16
What is the remainder when 2222433 is divided by 57?
3
Calculate the remainder when 2437747 is divided by 1218689.
369
Calculate the remainder when 2798201 is divided by 47426.
67
What is the remainder when 46651957 is divided by 1295887?
25
Calculate the remainder when 4615971 is divided by 2573.
9
Calculate the remainder when 64272426 is divided by 56.
50
What is the remainder when 143063 is divided by 47555?
398
Calculate the remainder when 166213763 is divided by 18.
17
What is the remainder when 113684039 is divided by 27?
26
What is the remainder when 769232 is divided by 8183?
30
What is the remainder when 1658585 is divided by 78979?
26
What is the remainder when 6842240 is divided by 41?
37
What is the remainder when 242148 is divided by 443?
270
Calculate the remainder when 51854169 is divided by 2143.
2141
What is the remainder when 57827445 is divided by 252?
249
Calculate the remainder when 59911 is divided by 188.
127
What is the remainder when 48949 is divided by 11499?
2953
Calculate the remainder when 3954180 is divided by 2476.
8
Calculate the remainder when 18871580 is divided by 491.
486
Calculate the remainder when 8199991 is divided by 816.
7
What is the remainder when 598739 is divided by 930?
749
What is the remainder when 152657322 is divided by 31?
23
What is the remainder when 188879 is divided by 188659?
220
Calculate the remainder when 6012665 is divided by 3006327.
11
Calculate the remainder when 29732 is divided by 3061.
2183
What is the remainder when 14768 is divided by 4494?
1286
Calculate the remainder when 561479 is divided by 111715.
2904
What is the remainder when 4254104 is divided by 4?
0
What is the remainder when 128345 is divided by 128314?
31
What is the remainder when 461239 is divided by 2061?
1636
Calculate the remainder when 116253 is divided by 2192.
77
Calculate the remainder when 13995180 is divided by 4665056.
12
What is the remainder when 2823965 is divided by 282384?
125
What is the remainder when 487321801 is divided by 6548?
6545
What is the remainder when 32754 is divided by 2615?
1374
What is the remainder when 1427679 is divided by 3692?
2567
What is the remainder when 129125 is divided by 128510?
615
What is the remainder when 25376441 is divided by 31?
27
What is the remainder when 618179 is divided by 309012?
155
Calculate the remainder when 919909 is divided by 25547.
217
What is the remainder when 1573587 is divided by 795?
282
Calculate the remainder when 44153 is divided by 43.
35
What is the remainder when 225086 is divided by 289?
244
Calculate the remainder when 726608969 is divided by 90.
89
What is the remainder when 422492 is divided by 1231?
259
What is the remainder when 453647 is divided by 1828?
303
Calculate the remainder when 1250616998 is divided by 102.
98
What is the remainder when 216644049 is divided by 2433?
2430
Calculate the remainder when 2259420986 is divided by 2839.
2836
Calculate the remainder when 450018 is divided by 502.
226
Calculate the remainder when 13971671 is divided by 4.
3
What is the remainder when 120781 is divided by 2120?
2061
Calculate the remainder when 92905 is divided by 752.
409
Calculate the remainder when 43549 is divided by 13895.
1864
Calculate the remainder when 350805657 is divided by 690.
687
Calculate the remainder when 250422 is divided by 236.
26
Calculate the remainder when 137977 is divided by 1009.
753
What is the remainder when 3237834 is divided by 457?
446
What is the remainder when 120751 is divided by 116794?
3957
What is the remainder when 136770 is divided by 1495?
725
What is the remainder when 109054 is divided by 329?
155
Calculate the remainder when 17893172 is divided by 17893172.
0
Calculate the remainder when 38742205 is divided by 1538.
1523
Calculate the remainder when 3698546 is divided by 150.
146
Calculate the remainder when 8799015 is divided by 33.
27
What is the remainder when 250499 is divided by 27763?
632
What is the remainder when 18817889 is divided by 152?
137
Calculate the remainder when 14192345 is divided by 7781.
7582
What is the remainder when 14953763 is divided by 20?
3
What is the remainder when 84935 is divided by 12104?
207
Calculate the remainder when 22610956 is divided by 9088.
12
Calculate the remainder when 3379964 is divided by 525.
14
Calculate the remainder when 5735063 is divided by 39014.
5
What is the remainder when 72131890 is divided by 51?
40
Calculate the remainder when 48579755 is divided by 9715946.
25
Calculate the remainder when 4123916 is divided by 7417.
64
Calculate the remainder when 6039123 is divided by 138.
105
What is the remainder when 12292569 is divided by 42?
9
Calculate the remainder when 10395442 is divided by 1732571.
16
Calculate the remainder when 677900 is divided by 7532.
20
Calculate the remainder when 26067535 is divided by 11.
10
Calculate the remainder when 449244 is divided by 392.
12
Calculate the remainder when 5943156 is divided by 14.
2
What is the remainder when 7891972 is divided by 1309?
11
Calculate the remainder when 62541 is divided by 19624.
3669
Calculate the remainder when 16999106 is divided by 1136.
2
Calculate the remainder when 18834321 is divided by 47.
11
Calculate the remainder when 74608235 is divided by 228.
23
Calculate the remainder when 6592940 is divided by 329638.
180
What is the remainder when 329656 is divided by 22?
8
What is the remainder when 10853622 is divided by 289?
227
Calculate the remainder when 1533350 is divided by 8.
6
What is the remainder when 20526854 is divided by 306370?
64
What is the remainder when 371427 is divided by 185654?
119
What is the remainder when 8717137 is divided by 138367?
16
What is the remainder when 3537586 is divided by 4461?
13
Calculate the remainder when 2110439 is divided by 110.
89
Calculate the remainder when 11509961 is divided by 217169.
4
What is the remainder when 258556 is divided by 5070?
5056
Calculate the remainder when 4056020 is divided by 311991.
137
What is the remainder when 899174 is divided by 899141?
33
What is the remainder when 2629 is divided by 662?
643
Calculate the remainder when 15415829 is divided by 404.
401
Calculate the remainder when 28480560 is divided by 179123.
3
Calculate the remainder when 8804529 is divided by 112.
97
Calculate the remainder when 6529760 is divided by 44.
28
Calculate the remainder when 96207 is divided by 84.
27
Calculate the remainder when 1053715691 is divided by 116.
111
Calculate the remainder when 3286412 is divided by 81.
80
Calculate the remainder when 105765 is divided by 452.
449
What is the remainder when 297660 is divided by 74407?
32
Calculate the remainder when 2724126 is divided by 1753.
1717
Calculate the remainder when 1617977 is divided by 808980.
17
What is the remainder when 548689 is divided by 35?
29
Calculate the remainder when 420380 is divided by 4520.
20
Calculate the remainder when 24807689 is divided by 24.
17
Calculate the remainder when 2781777 is divided by 107.
98
What is the remainder when 163052 is divided by 3238?
1152
Calculate the remainder when 84291371 is divided by 121.
109
Calculate the remainder when 1697649 is divided by 237.
18
What is the remainder when 1738914 is divided by 3579?
3099
What is the remainder when 7318777 is divided by 2816?
2809
Calculate the remainder when 3487153 is divided by 15.
13
Calculate the remainder when 516910 is divided by 10762.
334
Calculate the remainder when 14793155 is divided by 14793114.
41
Calculate the remainder when 1355383 is divided by 112919.
355
What is the remainder when 851124 is divided by 409?
404
Calculate the remainder when 6544131 is divided by 45.
6
Calculate the remainder when 1348772 is divided by 67.
62
Calculate the remainder when 213716 is divided by 391.
230
What is the remainder when 9373 is divided by 4337?
699
What is the remainder when 33975 is divided by 33968?
7
Calculate the remainder when 46044